 is -2141 - -2?
-2134
In base 5, what is 141 - 42?
44
In base 15, what is -e5 - 25?
-11a
In base 7, what is 23115 - 2?
23113
In base 5, what is 1012 - -1?
1013
In base 2, what is -1110100000 - 10?
-1110100010
In base 8, what is 7 + 0?
7
In base 15, what is -12 - 144?
-156
In base 3, what is 2002000 + 21?
2002021
In base 15, what is -1 - 3?
-4
In base 9, what is 1373 - -5?
1378
In base 7, what is -2236 - 2?
-2241
In base 7, what is -15 - 24?
-42
In base 5, what is 321 + -14?
302
In base 14, what is 0 + -12c?
-12c
In base 16, what is 4 - -7e?
82
In base 12, what is -5 + 63?
5a
In base 9, what is 1 + -1167?
-1166
In base 11, what is 2 - -a22?
a24
In base 4, what is -3 + -1310?
-1313
In base 8, what is -2 + -103?
-105
In base 9, what is -3235 + 4?
-3231
In base 7, what is -13 + -101?
-114
In base 9, what is -1475 + 1?
-1474
In base 6, what is -112 - -5?
-103
In base 9, what is -47 + -187?
-245
In base 12, what is -46 - 5?
-4b
In base 8, what is 3 - -14412?
14415
In base 6, what is 22 + 133?
155
In base 4, what is 1002 + -2?
1000
In base 15, what is -4 + 1d7b?
1d77
In base 7, what is 4 + -1236?
-1232
In base 11, what is -2 + -3?
-5
In base 13, what is -c + 12?
3
In base 12, what is 276 + 6?
280
In base 5, what is 1131 + -1?
1130
In base 7, what is -46 + -214?
-263
In base 10, what is -3 + 1?
-2
In base 9, what is 3211 - -2?
3213
In base 3, what is -112020 + -11?
-112101
In base 9, what is -437 + 0?
-437
In base 12, what is 4b - 8?
43
In base 6, what is -4241 - -4?
-4233
In base 10, what is 2 + 744?
746
In base 7, what is -164 + 1?
-163
In base 14, what is -15 + -c?
-23
In base 5, what is 3 + -1222?
-1214
In base 2, what is 1011 - -1010?
10101
In base 6, what is -502 + 2?
-500
In base 9, what is 4 - -153?
157
In base 7, what is 1 + -61?
-60
In base 8, what is 4 - -44?
50
In base 3, what is -102 + -202?
-1011
In base 15, what is 98 + 7?
a0
In base 5, what is -14 - -103?
34
In base 5, what is -1 + 1213?
1212
In base 4, what is -10 - 2203?
-2213
In base 16, what is -e - b?
-19
In base 7, what is 43 + 423?
466
In base 10, what is -504 - -2?
-502
In base 6, what is -302103 - -2?
-302101
In base 6, what is -1 + -344?
-345
In base 3, what is 2 + 11011?
11020
In base 5, what is -2341 - -10?
-2331
In base 9, what is -158 + -7?
-166
In base 3, what is 1 + -1022121?
-1022120
In base 13, what is 5b - -c?
6a
In base 3, what is -2 + -212002?
-212011
In base 10, what is 5 - 2824?
-2819
In base 11, what is 1 + -8?
-7
In base 15, what is 11 - -47?
58
In base 8, what is -57 + -21?
-100
In base 13, what is -6 + -b?
-14
In base 2, what is -1100100 + 0?
-1100100
In base 10, what is 12344 - 2?
12342
In base 3, what is 12012021 + -1?
12012020
In base 14, what is -693 - -5?
-68c
In base 3, what is 21 + -202?
-111
In base 4, what is -1 + 333?
332
In base 10, what is -24 + 37?
13
In base 9, what is 24 + -136?
-112
In base 8, what is 243 + -25?
216
In base 13, what is -6 - 2b?
-34
In base 13, what is 2 - 4a6?
-4a4
In base 4, what is -10 - -2202?
2132
In base 15, what is -189 + -3?
-18c
In base 6, what is 4 + 0?
4
In base 14, what is -11 + 16a?
159
In base 12, what is -1 + 590?
58b
In base 2, what is 1011 + -1000010?
-110111
In base 15, what is c9 - -2?
cb
In base 10, what is 5 + -6657?
-6652
In base 16, what is 3 + fc?
ff
In base 5, what is 0 + -2223?
-2223
In base 14, what is c + -153?
-145
In base 10, what is -1 - 14?
-15
In base 11, what is 18 + -5a?
-42
In base 6, what is 4 - -150?
154
In base 11, what is 1 + 21?
22
In base 15, what is 107 - 20?
d7
In base 8, what is -140672 + -1?
-140673
In base 10, what is -778 - -5?
-773
In base 7, what is -5 + 244?
236
In base 14, what is -7 - bb?
-c4
In base 10, what is -120 + -60?
-180
In base 10, what is -1 + -1266?
-1267
In base 9, what is -1214 + 3?
-1211
In base 16, what is -1 - 25?
-26
In base 16, what is -3 - 372?
-375
In base 16, what is 4 - -c?
10
In base 4, what is 31 - 121?
-30
In base 13, what is -4c + 0?
-4c
In base 13, what is ab1 - -2?
ab3
In base 11, what is -4 + 1548?
1544
In base 5, what is 13 + 33110?
33123
In base 13, what is 650 - 1?
64c
In base 14, what is -30 + -4?
-34
In base 4, what is -1131 - 2013?
-3210
In base 16, what is -138 + -3?
-13b
In base 14, what is 5 - -3a?
41
In base 13, what is 23 + -17?
9
In base 2, what is -100010011100110 - -10?
-100010011100100
In base 4, what is -200 + 2201?
2001
In base 8, what is 2 - -2767?
2771
In base 12, what is 9b5 - 1?
9b4
In base 7, what is -311 - -11?
-300
In base 6, what is -2432 + -1?
-2433
In base 8, what is 200 + -5?
173
In base 3, what is -1022210 + -2?
-1022212
In base 10, what is -6 + -1?
-7
In base 6, what is -3 + -304?
-311
In base 16, what is 15 - 432?
-41d
In base 8, what is -2 + -2615?
-2617
In base 7, what is 50 - 23?
24
In base 6, what is 2 - -313?
315
In base 13, what is -1 - -27?
26
In base 9, what is 14632 - 3?
14628
In base 16, what is 1 + 216?
217
In base 13, what is 80 + 4?
84
In base 5, what is 432 + -4?
423
In base 8, what is 1 - 134?
-133
In base 13, what is -61 - 5?
-66
In base 7, what is -5 + 2?
-3
In base 8, what is 12 - -75?
107
In base 16, what is f + 10?
1f
In base 16, what is 10 + 27?
37
In base 9, what is -53 - 0?
-53
In base 14, what is 32 - -7?
39
In base 12, what is -16 - 9b?
-b5
In base 5, what is -3430 - -1?
-3424
In base 9, what is -106 - 5?
-112
In base 6, what is -1103 + -1?
-1104
In base 3, what is -11 - -22?
11
In base 8, what is -53 + -5?
-60
In base 14, what is 4 + 385?
389
In base 12, what is 612 + 1?
613
In base 14, what is 13 - 21a?
-207
In base 13, what is -724 + 1?
-723
In base 12, what is 4 - -5a?
62
In base 2, what is 100 - -11101011011?
11101011111
In base 12, what is -4 - 416?
-41a
In base 16, what is 40 + 0?
40
In base 5, what is -1120 + -100?
-1220
In base 2, what is 10011 - -1001110110?
1010001001
In base 2, what is -100010010 - 11?
-100010101
In base 15, what is -4 - -62?
5d
In base 10, what is 18 + 36?
54
In base 6, what is -2242 - 0?
-2242
In base 3, what is -2 + 10120020?
10120011
In base 2, what is -11001 + 1000001?
101000
In base 11, what is 38 + -16?
22
In base 14, what is -6 - -ab?
a5
In base 7, what is -11 + 1265?
1254
In base 16, what is 1 + 12?
13
In base 4, what is -303 - 30?
-333
In base 6, what is 423 + -4?
415
In base 2, what is 1101101100 - -10000?
1101111100
In base 16, what is -63 - -11?
-52
In base 14, what is -1 - 312?
-313
In base 15, what is -92b - 1?
-92c
In base 15, what is -5 + -177?
-17c
In base 14, what is -5 + -1d7?
-1dc
In base 2, what is -101 + 100110011000?
100110010011
In base 2, what is -1110011 + 1110?
-1100101
In base 4, what is -120200 + -11?
-120211
In base 4, what is 13 + 22111?
22130
In base 14, what is -2d9 + 4?
-2d5
In base 12, what is -3 + 22?
1b
In base 5, what is -11 + -2410?
-2421
In base 15, what is -5 + -14a?
-150
In base 5, what is 34434 + -1?
34433
In base 8, what is -47 + -704?
-753
In base 15, what is 4e - 89?
-3a
In base 11, what is 60 - -4?
64
In base 6, what is -1453 - -2?
-1451
In base 6, what is 215 - 25?
150
In base 13, what is 5 - -275?
27a
In base 15, what is -1c + 11?
-b
In base 5, what is 101 - -111?
212
In base 14, what is 4 - 75?
-71
In base 2, what is 1001100110000 + -111?
1001100101001
In base 12, what is 0 - -36?
36
In base 6, what is 1 + 33154?
33155
In base 5, what is 10 - -12011?
12021
In base 6, what is -13 - -14?
1
In base 6, what is 5 + 10050?
10055
In base 5, what is 32 + 43?
130
In base 14, what is 19 - 1c9?
-1b0
In base 10, what is 88 - 211?
-123
In base 6, what is 4 - -513?
521
In base 6, what is -2 + -14?
-20
In base 11, what is 18 - 0?
18
In base 9, what is 4 + -66?
-62
In base 3, what is 0 + -2022?
-2022
In base 5, what is -3 + -124?
-132
In base 13, what is a4 - 5?
9c
In base 14, what is 65 - -ac?
133
In base 6, what is -2534 - 1?
-2535
In base 7, what is -145126 + -5?
-145134
In base 10, what is -582 + 1?
-581
In base 11, what is 4 + -2168?
-2164
In base 13, what is 5 - 1b?
-16
In base 11, what is -2 - 924?
-926
In base 9, what is 3 + 548?
552
In base 7, what is -205 + 13?
-162
In base 6, what is 12 - -105?
121
In base 14, what is -12 - 3a?
-4c
In base 11, what is -155 - -1?
-154
In base 5, what is -234433 + 10?
-234423
In base 16, what is 1 + -58d?
-58c
In base 16, what is -152 - -31?
-121
In base 4, what is 2121 - -11?
2132
